o. Let r(p) be the first derivative of a(p). Give r(3).
-6
Let u = 8 + 2. Let p = 21 - u. Let x(r) = -3*r - 2. Let k(b) = 2*b + 1. Let l(n) = p*k(n) + 6*x(n). Give l(3).
11
Let x = -228 + 220. Let y(g) = g + 2. Determine y(x).
-6
Let w = 56 - 61. Let o(g) = g**2 + 5*g + 5. What is o(w)?
5
Let t(u) = 0*u - 11 + 0*u + 11*u**2 - 3*u. Let r(p) = 5*p**2 - p - 5. Suppose 0 = d, 13*f - 14*f + 13 = -4*d. Let k(a) = f*r(a) - 6*t(a). Determine k(6).
-5
Let i(r) = -19*r - 6*r + 5*r + 14*r - 4. Determine i(5).
-34
Suppose -12 = -j - 3*d, -2*j = -5*j - d + 68. Suppose 0 = 6*s - 0*s - j. Let z(c) = 6*c - 11*c + s*c. Determine z(5).
-5
Let l(b) be the third derivative of -b**6/120 + b**5/12 - b**4/12 + b**3/2 + 36*b**2 - 4. Let s(z) = z + 4. Let i be s(0). Give l(i).
11
Let c(h) = -h**2 - 13*h + 1. Suppose -77*w - 385 = -22*w. Determine c(w).
43
Let n(m) be the first derivative of -m**4/12 - 7*m**2/2 - 34*m + 17. Let i(b) be the first derivative of n(b). Determine i(0).
-7
Let b(q) = q**2 + 11*q. Let y be b(-12). Let r = 16 - y. Let o(t) = -2*t - 2. What is o(r)?
-10
Let g(l) = l + 3. Let s be g(-7). Let f be (-25)/5*s/10. Suppose 3*n = f + 1. Let q(a) = -8*a**2 + 1. Determine q(n).
-7
Let q(m) = -12*m**2 - 1. Suppose -5*y + 4*k + 9 = 0, 5*y + 6*k = 11*k + 10. Give q(y).
-13
Let t(z) = 3*z**2 - 10*z + 11. Let v(c) = 4*c**2 - 15*c + 16. Let l(y) = -7*t(y) + 5*v(y). Suppose 0 = -5*k - 218 - 152. Let p = k + 68. Give l(p).
-3
Let j = 123 - 120. Let g(f) = 15*f**3 - 3*f + 5*f - 30*f**3 - 10 + 14*f**j + 7*f**2. Calculate g(7).
4
Let a(u) = 7*u - 2. Let s(o) = 9*o - 3. Let k(i) = 4*a(i) - 3*s(i). Calculate k(11).
12
Let f = -13/6420 - -2/107. Let i(j) be the third derivative of 1/60*j**5 + 6*j**2 + 1/6*j**4 - 1/2*j**3 - f*j**6 + 0 + 0*j. Calculate i(2).
-7
Let y(a) = 1 + 2*a - 1. Let v(m) = m. Let g(w) = 5*v(w) - y(w). Suppose 11*p - 12*p + 2 = 0. Determine g(p).
6
Let w(j) = 306*j - 597*j + 1 + 298*j - 1 + 4 + 2*j**2. Give w(-4).
8
Let u(g) = 5*g**2 + 4*g - 3. Let h(l) = -l**2 + 16*l + 2. Let j be h(16). Calculate u(j).
25
Let l(v) = -8*v**2 + 6. Let a(g) = -g**2 + g. Let n(u) = -7*a(u) + l(u). Calculate n(-7).
6
Let u be ((-2)/(-5))/(3 + 134/(-45)). Let a = 18 - u. Let r(s) be the first derivative of s**2/2 - s - 1. Determine r(a).
-1
Let x be (-2)/13 + (-472)/(-26). Suppose 0 = -4*f - 4*d + 2*d + x, -f + 8 = 4*d. Let b(c) be the second derivative of c**5/20 - c**4/3 - 3*c. Calculate b(f).
0
Let z(m) = -10 - 18*m - m**3 + m - 21*m**2 - 12*m**2 + 16*m**2. Let n be z(-16). Let r(f) = -1 + 2*f - f**2 + 4*f - f. Determine r(n).
-7
Let q(j) = 2*j - 3. Suppose 3*d - p = 73, -4*d = p - 111 + 9. Suppose -6*z + d = -z. What is q(z)?
7
Suppose 7*i = 330 + 48. Let q = i - 49. Let u(b) be the second derivative of b**4/12 - 7*b**3/6 + 5*b**2/2 - b. Give u(q).
-5
Let v(a) = -8*a**2 - 4*a + 1. Let s(f) = 7*f**2 + 3*f - 1. Suppose 2*k + 21 = 11. Let y(b) = k*v(b) - 6*s(b). What is y(3)?
-11
Let q(m) = -7*m**3 + 11*m**2 - 12*m - 12. Let x(k) = k**3 - k**2 + 2*k + 1. Let t(y) = q(y) + 6*x(y). Determine t(5).
-6
Let b(w) = 1 + 3*w + 3*w**2 - 8*w**3 + 9*w**3 + 1. Let j(y) = -y - 9. Let u be j(-6). Let i(c) = c**3 + 3*c**2 + c + 1. Let a be i(u). Give b(a).
0
Let k(o) = o - 14. Suppose 5*b = 3*q - 25, 4*q + 3*b + 1 + 14 = 0. Calculate k(q).
-14
Let m(p) = -2*p + 31. Let w(j) = -j**3 + 13*j**2 + 62*j - 7. Let v be w(-4). Give m(v).
-3
Let n(y) = -2*y**2 + 15*y**2 + 4*y - y**3 + 4 - 14*y**2. What is n(-4)?
36
Let r = -944 + 941. Let u(d) be the first derivative of d**2/2 + 6*d - 1. Give u(r).
3
Let k(d) = -d + 1. Let v be -5 + 7 - (-2 - -1). Suppose 0*n - v*q = 3*n, -3*n - q = -6. Suppose -2*c + 20 = -n*l, 0 = -2*c + 5*l + 17 + 11. Calculate k(c).
-3
Let h(z) be the first derivative of z**4/4 - 2*z**3/3 - z + 420. Determine h(3).
8
Let f(h) be the first derivative of -h**4/4 - h**3/3 + h**2/2 - 15*h + 21. Give f(0).
-15
Let x(g) be the first derivative of -9*g**2/2 + 6*g - 32. Let r(l) = -5*l + 3. Let u(h) = -5*r(h) + 3*x(h). Calculate u(-3).
9
Let d be (-1)/((4 - 3)/5). Let h(c) = c**3 - c**2 - c - 1. Let y(t) = 3*t**3 + 3*t**2 + t + 2. Let u(a) = 2*h(a) - y(a). What is u(d)?
11
Let j(z) = -12*z + 81. Let g be j(7). Let h(y) = -y**3 - y**2 + 3*y + 5. Give h(g).
14
Let d(m) = m**3 - 7*m**2 + 2. Let u be d(7). Let o be -1 + (0 - 2) + u. Let j(r) = -354 + 8*r + 354. Calculate j(o).
-8
Let o(y) = -y**3 - 5*y**2 - y - 3. Let z(u) = -u**3 + 11*u**2 + 14*u - 11. Let v be z(12). Let h = -11 + v. Let f be h*10/(-8)*2. What is o(f)?
2
Let y(j) = 2*j + 10. Let h = 168 - 175. What is y(h)?
-4
Let p(h) = h**2 - h + 1. Let w(b) = b**3 - 3*b**2 + b. Let d(a) = 4*p(a) + w(a). Suppose -q = 3*t - 6, -5*q - t = 13 - 1. Calculate d(q).
-5
Suppose 2*d = -3*y - 2*d - 18, 0 = y - 5*d - 13. Let r(n) = 6*n. What is r(y)?
-12
Let q(g) = g**2 + 2*g + 1. Let l be (-2 - -3)*(3 - 9). Let f = 2 + l. What is q(f)?
9
Suppose -4*w = -12 - 0. Suppose w*o + 0*o = 63. Let q(c) = -o + 21 + 0*c + 5*c. Calculate q(-1).
-5
Suppose -2*y - 39 = 5*p - 47, p - 2*y - 4 = 0. Let j(z) be the third derivative of -z**6/120 + z**4/24 - z**2. Calculate j(p).
-6
Let x(a) = 2*a + 13. Suppose 1012 = -67*s + 275. What is x(s)?
-9
Let q(f) = 2*f - 6. Suppose -3*m = -2*c - m + 20, 3*c + 2*m - 5 = 0. Suppose -15*y + c = -16*y. What is q(y)?
-16
Suppose 5*k + 16 = -3*y, 2*k = -22*y + 19*y - 1. Let z(p) = 2*p**2 + 4. Give z(k).
54
Let q(y) be the second derivative of -y**6/120 - y**5/12 - y**4/24 + y**3/3 + y**2 + 6*y. Let h(u) be the first derivative of q(u). Determine h(-3).
-13
Let r(v) = v - 11. Let a be r(14). Suppose a*g + 6 = 6*g. Let d(l) = -l**3 + 7*l - 1 - 5 + 0 - 5*l**g + 5. What is d(-6)?
-7
Let c(u) = -u**2 - 3*u - 4. Let p(s) = s**2 + 4*s + 5. Let n be (-44)/(-28) - (-6)/14. Let x(q) = n*p(q) + 3*c(q). Let f = 6 + -8. Give x(f).
-4
Suppose -r + 9 - 6 = 0. Let y(m) = -2*m**3 - 3*m + 12*m**2 + r - 7*m**2 + m**3. Give y(5).
-12
Let k(y) = -10*y - 2. Let m(p) = -5 + 6 - 3 + 3. Let c(x) = -k(x) - m(x). Give c(1).
11
Let s(k) = -k. Suppose -9*v + 8*v = -4*u - 10, 3*u = -v - 18. What is s(v)?
6
Let v(b) = 5*b - 9. Let i(q) = q. Let c(z) = -3*i(z) + v(z). Let j = -23 - -29. What is c(j)?
3
Let t(k) = -k + 2. Let l be t(-2). Suppose 5*j = -2*g - 9, -g + l*j = -4*g - 3. Let a(b) = 2 - g + 0 + 2*b + 3*b**2 + 0. What is a(-2)?
7
Let h(t) = 5*t**3 + 2*t**2. Let b = -589 - -587. Determine h(b).
-32
Let t(c) be the second derivative of 0*c**2 + 5/6*c**3 - 8*c + 0. Calculate t(-1).
-5
Let h = 2 - 0. Let v(a) = 4*a - 14*a + 8*a + 3*a + a. What is v(h)?
4
Let d(r) = 12*r + 108 - 2*r - 108. Determine d(-2).
-20
Let r be 13/((-52)/32) + (-1 - 0). Let s(g) = -g**3 - 9*g**2 - 13. Calculate s(r).
-13
Let b(m) be the second derivative of -4/3*m**3 - 3/2*m**2 + 1 - 1/12*m**4 - 19*m. Suppose i + 4 = 0, -4*i = 4*q + 6 + 38. Calculate b(q).
4
Let z(g) = 2*g + 6. Let n = 801 - 808. Determine z(n).
-8
Let k be ((-26)/(-65))/(20/25). Let s(u) be the third derivative of -k*u**3 + 1/8*u**4 + 0 + 8*u**2 + 0*u. Calculate s(3).
6
Suppose 4*z + u - 3*u = 16, z - 5*u - 13 = 0. Let r(f) = -5*f - 3 + 0 + z - f**2. Calculate r(-6).
-6
Let o(b) = b**3 + 9*b**2 - 9*b + 11. Let r be o(-10). Let y(k) = -11*k**3 + k**2. What is y(r)?
-10
Suppose 0 = 2*i + 10 - 16. Let u(j) = -j**i + 762*j**2 - 3 - 759*j**2 + 2. What is u(2)?
3
Let x(f) = -3*f**2 + 37*f + 16. Let v(u) = -2*u**2 + 19*u + 7. Let h(z) = 5*v(z) - 3*x(z). Calculate h(-12).
35
Suppose -h - 3*k = -7, -3*h + 8*h - 16 = 4*k. Let z(c) = 3*c - c + h*c. Let x = -24 - -25. What is z(x)?
6
Let v(p) = p**2 - 7*p - 81. Let y be v(13). Let h(g) = g**2 + 3*g + 5. What is h(y)?
5
Let y(q) = q - 1. Let v(o) = -o**3 + 5*o**2 + 6*o + 1. Let d be v(6). Let f = -8 + d. What is y(f)?
-8
Suppose 192 = -4*n + 4*r, 8*r = -n + 4*r - 58. Let w be -18*(3 + n/15). Let s(k) = 5*k + 2*k + w - k**2 - 2 + 0*k. What is s(7)?
4
Let a(x) = 10*x - 33. Let k = 41 - 37. Calculate a(k).
7
Let k(j) = 0 + 3 + j**2 + 12*j + 7*j - 14*j. Determine k(-2).
-3
Let b(x) = x - 2. Suppose 5*c + 55 = -3*h, -4*c + 3*h - 25 = c. Let n be (2 - -10)/((-3)/c). Let p = n + -25. Calculate b(p).
5
Let r(d) be the third derivative of 0*d - 1/6*d**3 + 0 + 1/120*d**6 - 24*d**2 - 1/24*d**4 + 1/10*d**5. Determine r(-6).
5
Let a(x) = -3*x**3 + 6*x**2. Let g(j) = j**3 + 2.